0 = 2*i. What is the hundreds digit of i?
1
Suppose -4*y = -0*y + 256. Let m = -40 - y. What is the tens digit of m?
2
Suppose -3*f = -3*g - 789, 578 = 4*f - 2*g - 464. What is the tens digit of f?
5
Suppose 0 = 4*c - 2*c + 2. Let y be ((-3)/(-2))/(c/2). What is the units digit of 1/(-3) - 25/y?
8
Let i = -14 - -10. Let t(v) = 2*v**2 + 2*v + 6. What is the units digit of t(i)?
0
Suppose -5*s + 10 = d + 4*d, -5*s = -d - 22. Let w(o) = -o**2 + 2*o**2 + 0 + s + 2*o. What is the units digit of w(-3)?
7
Suppose 0 = -3*h + 1 + 11. Suppose h*t = t - 5*d + 6, 0 = t + 3*d - 2. What is the units digit of t?
2
Let t = 7 - 8. Let k be (-2)/5*60/(-3). What is the units digit of -1 - (0 + t - k)?
8
Let t(n) = -n**2 - 26*n - 4. What is the units digit of t(-19)?
9
What is the units digit of ((-36)/21)/((-4)/14)?
6
Let l(o) = o**3 - 8*o**2 + 7*o + 2. Let k be l(7). Suppose -3*h = 5*i - 0*i - 42, -k*i + 42 = 4*h. What is the units digit of h?
9
Let s(z) = -z + 8. Let y be s(10). Let l be y - -1 - (-6 - -2). Suppose l*j + j = 20. What is the units digit of j?
5
Let s(t) be the third derivative of t**6/120 + t**5/60 - t**4/24 + t**2. What is the units digit of s(-1)?
1
Let p(a) be the second derivative of a**4/12 + 5*a**3/6 + 5*a**2/2 - 2*a. What is the units digit of p(-4)?
1
Suppose 0 = -x - 1, -5*x = 2*v - 10*x - 21. What is the units digit of v?
8
Let q = 154 - 96. Suppose 4*j - 2*j = q. What is the units digit of j?
9
Suppose 0*v - v = 0. Let x(y) = y**3 + 4. Let p be x(v). What is the units digit of p + 5/((-10)/(-4))?
6
Suppose -2*p = 3*p - 40. Suppose p*h - 10 = -5*t + 3*h, h + 8 = 4*t. What is the units digit of (1*t/2)/1?
1
Suppose 33 = -4*c - 91. Let j = c - -53. What is the tens digit of j?
2
Suppose -3*m = 4*p - 19, -4*p + 5*m + 29 = -14. Suppose 0 = 4*q - 4*y - 72, -2*q + y = -27 - p. What is the tens digit of q?
1
Suppose 3*h - 252 = -d, 3*h - h - 168 = 2*d. What is the units digit of h?
4
Let q(z) = 1 - 1 - z**3 + z + 0*z - 2 + 6*z**2. What is the tens digit of q(5)?
2
Let p = -1 - 2. Let w = p - -4. What is the units digit of w/(2 - 39/21)?
7
Let u(l) = 2*l**2 - 2. Suppose -3*k = 2*k - 40. Let p = k - 6. What is the units digit of u(p)?
6
Suppose -s = -6*s - 45. Let k = 5 + s. Let l = k + 9. What is the units digit of l?
5
Let b(a) = -a + 7. Let t be b(7). Let l(o) = o - 3 + 1 + t + 3. What is the units digit of l(0)?
1
Suppose -2*x - 2*x + 96 = 0. What is the units digit of x?
4
Suppose 4*n = -0*n + 148. What is the tens digit of n?
3
Let c(q) = 8*q**3 - 2*q**2 + 2*q - 1. Let k be c(1). Suppose 5*b - k = 3. What is the units digit of b?
2
Let y(j) = j**2 - 4*j. Let a be y(4). Let r = a - -1. What is the units digit of 12/2*r/3?
2
Suppose -5*o + 170 + 160 = 0. What is the units digit of o?
6
Let x = -17 + 19. What is the units digit of x?
2
Let f(x) = 2*x**3 - 5*x**2 + 2*x - 12. What is the hundreds digit of f(5)?
1
Let n = -12 + 3. Let i = n + 14. What is the units digit of i?
5
Suppose -2*b = 3*b - n - 1544, 3*b + n = 920. What is the tens digit of b?
0
Let v(s) = -8*s - 9. Suppose 14 = -3*d + 4*j, 33 + 0 = -5*d - 3*j. What is the units digit of v(d)?
9
Let p(u) = 10*u. What is the units digit of p(6)?
0
Suppose 3*v = -4 - 5, -3*g - v = 0. What is the units digit of (-27)/(-2) + g/(-2)?
3
Suppose -2*j + 36 = 4*i, 0*j - 31 = -2*j + i. What is the tens digit of j?
1
Suppose 0 = 5*x + 4*t - 71, -5*x - 5*t = -74 - 1. Let o = x - 8. What is the units digit of o?
3
Let x = -2 + 5. Suppose 3*l = 3 + x. What is the units digit of l?
2
Let n(a) = -a**3 + a**2 - a - 6. Let j(f) = -f**3 + 3*f**2 + 3*f + 4. Let h be j(4). Let x be n(h). Let c = x - -8. What is the units digit of c?
2
Suppose -5*v - 5 + 0 = 0. Let d(g) = -2*g**2 - g. Let a(n) = 3*n**2 + n. Let m(p) = 4*a(p) + 3*d(p). What is the units digit of m(v)?
5
Let m be 8/(-6) + (-1)/(-3). Let t = m - -23. What is the tens digit of t?
2
Let n(s) = s**3 + 3*s**2 - 10*s + 4. Let w be n(-5). Suppose -w*m + 18 = -34. What is the units digit of m?
3
Let a = -8 + 9. Let u be (a + -2)*2*-25. Suppose 5*j + u = 2*w, -j + 3*j - 22 = -2*w. What is the units digit of w?
5
Let i(u) = u + 7 - 3 + 3 - 2. Let d be i(-5). Let r = 7 - d. What is the units digit of r?
7
Suppose 3*t + 15 = 6*t. Let v(r) = -r**2 + 8*r - 4. What is the units digit of v(t)?
1
Let k(x) = 5*x + 4. Let n(y) = -5*y - 3. Let f(l) = -2*k(l) - 3*n(l). What is the tens digit of f(4)?
2
What is the units digit of 3*12 + 9/(-3)?
3
Let n be 3*-3*(-4)/(-9). Let o be 0 - (0 + 1)/1. What is the units digit of 1/((-1)/n) - o?
5
Let l = -252 - -456. What is the hundreds digit of l?
2
Let m(r) = -2*r**3 - 5*r**2 - 12*r - 7. What is the tens digit of m(-3)?
3
Let z(j) = j**3 + 7*j**2 + 7*j + 6. Let l be z(-6). Let b be l/(-3) - 6/(-3). Suppose q + v - 9 = 6*v, -b*q - 5*v = -33. What is the units digit of q?
4
Let b(g) = -g**3 - g**2 - g + 1. Let w(y) = -6*y**3 - 13*y**2 - 6*y - 1. Let t(j) = -5*b(j) + w(j). What is the units digit of t(-8)?
2
Let a(f) = 5*f + 6. Let c(k) = -6*k - 7. Let i(g) = -4*a(g) - 3*c(g). What is the units digit of i(-6)?
9
Let m = -28 - -71. What is the units digit of m?
3
Let k(c) = 8*c - 62. What is the tens digit of k(10)?
1
Suppose -4*d + d = 3. Let x be -4 + 2 + (-10 - d). What is the units digit of x/(-4) - (-5)/20?
3
Let o(n) = 2*n - 10. Let z be o(8). What is the units digit of z/10 - (-224)/10?
3
Let h(d) = 0*d - 1 + 3 + 7*d + 0*d. What is the units digit of h(3)?
3
Let g(u) = 3*u**2 - 2*u - 4*u + 4*u**2 - 6*u**2 + 4. What is the units digit of g(6)?
4
Let a(n) = -72*n. What is the units digit of a(-1)?
2
Let z be -7 + (1 + 0 - 1). What is the units digit of 2/(-6)*(z + 4)?
1
Suppose -5*n = -5*y - 680, 4*n - 8*y = -10*y + 556. What is the tens digit of n?
3
Suppose -3*w = o - 0*o - 8, -20 = -2*o - 5*w. What is the tens digit of o?
2
Suppose 20*g = 5*g + 780. What is the units digit of g?
2
Let k = 6 - 2. Suppose 0 = -k*a - 5*j + 26, -a - 4*j + 7 = -3*j. What is the units digit of a?
9
Suppose -4*s + 33 = -5*q, 5*s + 2*q - 5*q = 25. Suppose 4*a - 6*a - s*f = 12, 0 = 5*a + f + 18. What is the units digit of (2 - a)/(2 - 1)?
5
Let l(q) = 2*q**2 - 3*q - 2. What is the units digit of l(-1)?
3
Let l be (-2)/4 + 2/(-4). Let j = l - -5. Suppose 2*p = -3*n + 42, 5*n - j*p = 53 + 39. What is the units digit of n?
6
Let p be (0 - 21/3) + 1. Let n be (-6)/(-21) + p/21. Suppose 55 = -n*a + 5*a. What is the units digit of a?
1
Suppose -j + 156 = 2*j. Suppose -2 = 5*k - j. What is the tens digit of k?
1
Suppose -d + 2*b + 100 = 0, 3*d - 2*d = -3*b + 110. What is the units digit of d?
4
Let m(y) = y**2 + 3*y - 1. Let v be m(-4). Let n = -3 + v. Suppose n = -2*u + 7 + 1. What is the units digit of u?
4
What is the units digit of (-10)/((-3)/(-5) - 1)?
5
Let a = 100 - 47. Let b = a + -33. Suppose 8 = 2*t - b. What is the tens digit of t?
1
What is the units digit of (-6)/((-5 - -3)*-1) + 13?
0
Let f(y) = y**3 - y**2 - y + 2. Let w be f(0). Suppose 5*z + w = 27. What is the units digit of z?
5
Let n = -8 + 119. What is the units digit of n?
1
What is the tens digit of (-66)/(-5)*(-75)/(-10)?
9
Let d(z) = -6*z + 1. What is the tens digit of d(-2)?
1
Suppose 4*p = -0*p. Suppose j - 15 = -p*r - r, 0 = 3*r. What is the tens digit of j?
1
Let p be (-43 + 1)*(-2)/6. Suppose 0 = s - m - p, 0 = 5*s - 0*m + 5*m - 120. What is the tens digit of s?
1
Suppose -6*u + 216 = -0*u. What is the units digit of u?
6
Let y = -4 - -13. Let g = 10 - y. What is the units digit of g?
1
Suppose -3 = -x + 10. Let b = 26 - x. What is the units digit of b?
3
Let p(h) = h**3 + 14*h**2 + 16*h - 1. Let i be p(-11). What is the units digit of i/8 + 5/(-20)?
3
Let l(v) = 2*v**2 - 2*v. Let r be l(-4). Suppose -x + 6*x = 3*g + r, 0 = -4*g. What is the units digit of x?
8
Let g = 34 + 76. What is the hundreds digit of g?
1
Let u = -1 - 0. Let o be (24/56)/((-2)/(-14)). Let g = o + u. What is the units digit of g?
2
Let k(l) = l**3 - 25*l**2 - 20*l + 53. What is the hundreds digit of k(26)?
2
Let p(i) = 27*i**2 + i. Let v be p(1). Let h(x) = x - 2. Let q be h(5). Suppose 2*w - q = -y, 3*w + v = -2*y + 7*y. What is the units digit of y?
5
Suppose -2*q = 69 - 323. What is the units digit of q?
7
Suppose 5*b + k + 53 = 0, 0*b - 20 = 2*b + k. Let r = b - -19. What is the units 